{"id":1034,"date":"2022-02-13T20:32:32","date_gmt":"2022-02-13T19:32:32","guid":{"rendered":"https:\/\/geekevent.fr\/?page_id=1034"},"modified":"2022-02-13T20:34:14","modified_gmt":"2022-02-13T19:34:14","slug":"agenda","status":"publish","type":"page","link":"https:\/\/geekevent.fr\/index.php\/agenda\/","title":{"rendered":"Agenda"},"content":{"rendered":"\t\t<div data-elementor-type=\"wp-page\" data-elementor-id=\"1034\" class=\"elementor elementor-1034\">\n\t\t\t\t\t\t\t\t\t<section class=\"elementor-section elementor-top-section elementor-element elementor-element-a5224e9 elementor-section-boxed elementor-section-height-default elementor-section-height-default\" data-id=\"a5224e9\" data-element_type=\"section\" data-settings=\"{&quot;_ha_eqh_enable&quot;:false}\">\n\t\t\t\t\t\t<div class=\"elementor-container elementor-column-gap-default\">\n\t\t\t\t\t<div class=\"elementor-column elementor-col-100 elementor-top-column elementor-element elementor-element-9915d08\" data-id=\"9915d08\" data-element_type=\"column\">\n\t\t\t<div class=\"elementor-widget-wrap elementor-element-populated\">\n\t\t\t\t\t\t\t\t<div class=\"elementor-element elementor-element-64cf6da elementor-widget elementor-widget-heading\" data-id=\"64cf6da\" data-element_type=\"widget\" data-widget_type=\"heading.default\">\n\t\t\t\t<div class=\"elementor-widget-container\">\n\t\t\t<h2 class=\"elementor-heading-title elementor-size-default\">> Agenda <<\/h2>\t\t<\/div>\n\t\t\t\t<\/div>\n\t\t\t\t<div class=\"elementor-element elementor-element-ab5f7f3 elementor-widget elementor-widget-MEC\" data-id=\"ab5f7f3\" data-element_type=\"widget\" data-widget_type=\"MEC.default\">\n\t\t\t\t<div class=\"elementor-widget-container\">\n\t\t\t<div class=\"mec-wrap mec-skin-slider-container \" id=\"mec_skin_461\">\r\n\r\n        <div class=\"mec-skin-slider-events-container\" id=\"mec_skin_events_461\">\r\n        Pas d&#039;\u00e9v\u00e9nement actuellement programm\u00e9.    <\/div>\r\n    \r\n<\/div>\t\t<\/div>\n\t\t\t\t<\/div>\n\t\t\t\t<div class=\"elementor-element elementor-element-b6443d2 elementor-widget elementor-widget-shortcode\" data-id=\"b6443d2\" data-element_type=\"widget\" data-widget_type=\"shortcode.default\">\n\t\t\t\t<div class=\"elementor-widget-container\">\n\t\t\t\t\t<div class=\"elementor-shortcode\"><div id=\"mec_skin_1036\" class=\"mec-wrap colorskin-custom   mec-full-calendar-wrap\">\r\n\r\n    <div class=\"mec-search-form mec-totalcal-box\">\r\n                                    <div id=\"mec_search_form_1036\" class=\"\">\r\n\r\n            \r\n            <div class=\"mec-dropdown-wrap\">\r\n                                                                                                            <\/div>\r\n        <\/div>\r\n        <div id=\"mec_search_form_1036\">\r\n                                <\/div>\r\n        <div id=\"mec_search_form_1036\" class=\"mec-full-calendar-search-ends\">\r\n                            <div class=\"mec-text-input-search\"><i class=\"mec-sl-magnifier\"><\/i>\r\n                    <input type=\"search\" value=\"\" id=\"mec_sf_s_1036\" placeholder=\"\" \/>\r\n                <\/div>                                        <div class=\"mec-date-search\"><input type=\"hidden\" id=\"mec-filter-none\" value=\"Tout s\u00e9lectionner\"><i class=\"mec-sl-calendar\"><\/i>\r\n                    <select id=\"mec_sf_month_1036\">\r\n                        <option value=\"\">Select Month<\/option><option class=\"mec-none-item\" value=\"none\" selected=\"selected\">Tout s\u00e9lectionner<\/option><option value=\"01\">janvier<\/option><option value=\"02\">f\u00e9vrier<\/option><option value=\"03\">mars<\/option><option value=\"04\">avril<\/option><option value=\"05\">mai<\/option><option value=\"06\">juin<\/option><option value=\"07\">juillet<\/option><option value=\"08\">ao\u00fbt<\/option><option value=\"09\">septembre<\/option><option value=\"10\">octobre<\/option><option value=\"11\">novembre<\/option><option value=\"12\">d\u00e9cembre<\/option><\/select><select id=\"mec_sf_year_1036\"><option class=\"mec-none-item\" value=\"none\" selected=\"selected\">Tout s\u00e9lectionner<\/option><option value=\"2022\">2022<\/option><option value=\"2023\">2023<\/option><option value=\"2024\">2024<\/option><option value=\"2025\">2025<\/option><option value=\"2026\">2026<\/option><option value=\"2027\">2027<\/option><option value=\"2028\">2028<\/option><option value=\"2029\">2029<\/option><option value=\"2030\">2030<\/option><\/select><\/div>                                                <div class=\"col-md-12 mec-tab-loader\">\r\n                <div class=\"mec-totalcal-view\">\r\n                                        <span class=\"mec-totalcal-monthlyview\" data-skin=\"monthly\">Mensuelle<\/span>                    <span class=\"mec-totalcal-weeklyview\" data-skin=\"weekly\">Hebdomadaire<\/span>                    <span class=\"mec-totalcal-dailyview\" data-skin=\"daily\">Quotidienne<\/span>                    <span class=\"mec-totalcal-listview mec-totalcalview-selected\" data-skin=\"list\">Vu en liste<\/span>                    <span class=\"mec-totalcal-gridview\" data-skin=\"grid\">Grid<\/span>                    <span class=\"mec-totalcal-tileview\" data-skin=\"tile\">Tile<\/span>                <\/div>\r\n            <\/div>\r\n        <\/div>\r\n            <\/div>\r\n\r\n    <div id=\"mec_full_calendar_container_1036\" class=\"mec-full-calendar-skin-container\">\r\n        <div class=\"mec-wrap mec-skin-list-container  \" id=\"mec_skin_1036\">\r\n\r\n    \r\n        <div class=\"mec-skin-list-events-container\" id=\"mec_skin_events_1036\">\r\n        Pas d&#039;\u00e9v\u00e9nement actuellement programm\u00e9.    <\/div>\r\n    \r\n    \r\n<\/div>    <\/div>\r\n\r\n<\/div><\/div>\n\t\t\t\t<\/div>\n\t\t\t\t<\/div>\n\t\t\t\t\t<\/div>\n\t\t<\/div>\n\t\t\t\t\t\t\t<\/div>\n\t\t<\/section>\n\t\t\t\t\t\t\t<\/div>\n\t\t","protected":false},"excerpt":{"rendered":"<p>&gt; Agenda &lt; 05 f\u00e9vrier Espace Castel samedi Japan Tsuki 2022 Espace Castel | 173 Rue Marx Dormoy, 34400 Lunel, FRANCE En savoir plus<\/p>\n","protected":false},"author":2,"featured_media":0,"parent":0,"menu_order":0,"comment_status":"closed","ping_status":"closed","template":"elementor_canvas","meta":{"spay_email":"","footnotes":""},"yoast_head":"<!-- This site is optimized with the Yoast SEO plugin v18.8 - https:\/\/yoast.com\/wordpress\/plugins\/seo\/ -->\n<title>Agenda &ndash; Geek Event<\/title>\n<meta name=\"description\" content=\"D\u00e9couvrez l&#039;agenda de Geek Event : vous saurez tout sur les \u00e9v\u00e8nements que nous organisons !\" \/>\n<meta name=\"robots\" content=\"index, follow, max-snippet:-1, max-image-preview:large, max-video-preview:-1\" \/>\n<link rel=\"canonical\" href=\"https:\/\/geekevent.fr\/index.php\/agenda\/\" \/>\n<meta property=\"og:locale\" content=\"fr_FR\" \/>\n<meta property=\"og:type\" content=\"article\" \/>\n<meta property=\"og:title\" content=\"Agenda &ndash; Geek Event\" \/>\n<meta property=\"og:description\" content=\"D\u00e9couvrez l&#039;agenda de Geek Event : vous saurez tout sur les \u00e9v\u00e8nements que nous organisons !\" \/>\n<meta property=\"og:url\" content=\"https:\/\/geekevent.fr\/index.php\/agenda\/\" \/>\n<meta property=\"og:site_name\" content=\"Geek Event\" \/>\n<meta property=\"article:publisher\" content=\"https:\/\/www.facebook.com\/GeekEvent\/\" \/>\n<meta property=\"article:modified_time\" content=\"2022-02-13T19:34:14+00:00\" \/>\n<meta name=\"twitter:card\" content=\"summary_large_image\" \/>\n<meta name=\"twitter:site\" content=\"@geekevent_fr\" \/>\n<meta name=\"twitter:label1\" content=\"Dur\u00e9e de lecture estim\u00e9e\" \/>\n\t<meta name=\"twitter:data1\" content=\"1 minute\" \/>\n<script type=\"application\/ld+json\" class=\"yoast-schema-graph\">{\"@context\":\"https:\/\/schema.org\",\"@graph\":[{\"@type\":\"Organization\",\"@id\":\"https:\/\/geekevent.fr\/#organization\",\"name\":\"Geek Event\",\"url\":\"https:\/\/geekevent.fr\/\",\"sameAs\":[\"https:\/\/www.facebook.com\/GeekEvent\/\",\"https:\/\/www.instagram.com\/geekevent_fr\",\"https:\/\/www.linkedin.com\/company\/geek-event\",\"https:\/\/twitter.com\/geekevent_fr\"],\"logo\":{\"@type\":\"ImageObject\",\"inLanguage\":\"fr-FR\",\"@id\":\"https:\/\/geekevent.fr\/#\/schema\/logo\/image\/\",\"url\":\"https:\/\/i0.wp.com\/geekevent.fr\/wp-content\/uploads\/2021\/05\/Logo_GeekEvent_Texte.png?fit=1148%2C841&ssl=1\",\"contentUrl\":\"https:\/\/i0.wp.com\/geekevent.fr\/wp-content\/uploads\/2021\/05\/Logo_GeekEvent_Texte.png?fit=1148%2C841&ssl=1\",\"width\":1148,\"height\":841,\"caption\":\"Geek Event\"},\"image\":{\"@id\":\"https:\/\/geekevent.fr\/#\/schema\/logo\/image\/\"}},{\"@type\":\"WebSite\",\"@id\":\"https:\/\/geekevent.fr\/#website\",\"url\":\"https:\/\/geekevent.fr\/\",\"name\":\"Geek Event\",\"description\":\"Des \u00e9v\u00e8nements qui vous ressemblent et qui nous rassemblent !\",\"publisher\":{\"@id\":\"https:\/\/geekevent.fr\/#organization\"},\"potentialAction\":[{\"@type\":\"SearchAction\",\"target\":{\"@type\":\"EntryPoint\",\"urlTemplate\":\"https:\/\/geekevent.fr\/?s={search_term_string}\"},\"query-input\":\"required name=search_term_string\"}],\"inLanguage\":\"fr-FR\"},{\"@type\":\"WebPage\",\"@id\":\"https:\/\/geekevent.fr\/index.php\/agenda\/#webpage\",\"url\":\"https:\/\/geekevent.fr\/index.php\/agenda\/\",\"name\":\"Agenda &ndash; Geek Event\",\"isPartOf\":{\"@id\":\"https:\/\/geekevent.fr\/#website\"},\"datePublished\":\"2022-02-13T19:32:32+00:00\",\"dateModified\":\"2022-02-13T19:34:14+00:00\",\"description\":\"D\u00e9couvrez l'agenda de Geek Event : vous saurez tout sur les \u00e9v\u00e8nements que nous organisons !\",\"breadcrumb\":{\"@id\":\"https:\/\/geekevent.fr\/index.php\/agenda\/#breadcrumb\"},\"inLanguage\":\"fr-FR\",\"potentialAction\":[{\"@type\":\"ReadAction\",\"target\":[\"https:\/\/geekevent.fr\/index.php\/agenda\/\"]}]},{\"@type\":\"BreadcrumbList\",\"@id\":\"https:\/\/geekevent.fr\/index.php\/agenda\/#breadcrumb\",\"itemListElement\":[{\"@type\":\"ListItem\",\"position\":1,\"name\":\"Accueil\",\"item\":\"https:\/\/geekevent.fr\/\"},{\"@type\":\"ListItem\",\"position\":2,\"name\":\"Agenda\"}]}]}<\/script>\n<!-- \/ Yoast SEO plugin. -->","yoast_head_json":{"title":"Agenda &ndash; Geek Event","description":"D\u00e9couvrez l'agenda de Geek Event : vous saurez tout sur les \u00e9v\u00e8nements que nous organisons !","robots":{"index":"index","follow":"follow","max-snippet":"max-snippet:-1","max-image-preview":"max-image-preview:large","max-video-preview":"max-video-preview:-1"},"canonical":"https:\/\/geekevent.fr\/index.php\/agenda\/","og_locale":"fr_FR","og_type":"article","og_title":"Agenda &ndash; Geek Event","og_description":"D\u00e9couvrez l'agenda de Geek Event : vous saurez tout sur les \u00e9v\u00e8nements que nous organisons !","og_url":"https:\/\/geekevent.fr\/index.php\/agenda\/","og_site_name":"Geek Event","article_publisher":"https:\/\/www.facebook.com\/GeekEvent\/","article_modified_time":"2022-02-13T19:34:14+00:00","twitter_card":"summary_large_image","twitter_site":"@geekevent_fr","twitter_misc":{"Dur\u00e9e de lecture estim\u00e9e":"1 minute"},"schema":{"@context":"https:\/\/schema.org","@graph":[{"@type":"Organization","@id":"https:\/\/geekevent.fr\/#organization","name":"Geek Event","url":"https:\/\/geekevent.fr\/","sameAs":["https:\/\/www.facebook.com\/GeekEvent\/","https:\/\/www.instagram.com\/geekevent_fr","https:\/\/www.linkedin.com\/company\/geek-event","https:\/\/twitter.com\/geekevent_fr"],"logo":{"@type":"ImageObject","inLanguage":"fr-FR","@id":"https:\/\/geekevent.fr\/#\/schema\/logo\/image\/","url":"https:\/\/i0.wp.com\/geekevent.fr\/wp-content\/uploads\/2021\/05\/Logo_GeekEvent_Texte.png?fit=1148%2C841&ssl=1","contentUrl":"https:\/\/i0.wp.com\/geekevent.fr\/wp-content\/uploads\/2021\/05\/Logo_GeekEvent_Texte.png?fit=1148%2C841&ssl=1","width":1148,"height":841,"caption":"Geek Event"},"image":{"@id":"https:\/\/geekevent.fr\/#\/schema\/logo\/image\/"}},{"@type":"WebSite","@id":"https:\/\/geekevent.fr\/#website","url":"https:\/\/geekevent.fr\/","name":"Geek Event","description":"Des \u00e9v\u00e8nements qui vous ressemblent et qui nous rassemblent !","publisher":{"@id":"https:\/\/geekevent.fr\/#organization"},"potentialAction":[{"@type":"SearchAction","target":{"@type":"EntryPoint","urlTemplate":"https:\/\/geekevent.fr\/?s={search_term_string}"},"query-input":"required name=search_term_string"}],"inLanguage":"fr-FR"},{"@type":"WebPage","@id":"https:\/\/geekevent.fr\/index.php\/agenda\/#webpage","url":"https:\/\/geekevent.fr\/index.php\/agenda\/","name":"Agenda &ndash; Geek Event","isPartOf":{"@id":"https:\/\/geekevent.fr\/#website"},"datePublished":"2022-02-13T19:32:32+00:00","dateModified":"2022-02-13T19:34:14+00:00","description":"D\u00e9couvrez l'agenda de Geek Event : vous saurez tout sur les \u00e9v\u00e8nements que nous organisons !","breadcrumb":{"@id":"https:\/\/geekevent.fr\/index.php\/agenda\/#breadcrumb"},"inLanguage":"fr-FR","potentialAction":[{"@type":"ReadAction","target":["https:\/\/geekevent.fr\/index.php\/agenda\/"]}]},{"@type":"BreadcrumbList","@id":"https:\/\/geekevent.fr\/index.php\/agenda\/#breadcrumb","itemListElement":[{"@type":"ListItem","position":1,"name":"Accueil","item":"https:\/\/geekevent.fr\/"},{"@type":"ListItem","position":2,"name":"Agenda"}]}]}},"_links":{"self":[{"href":"https:\/\/geekevent.fr\/index.php\/wp-json\/wp\/v2\/pages\/1034"}],"collection":[{"href":"https:\/\/geekevent.fr\/index.php\/wp-json\/wp\/v2\/pages"}],"about":[{"href":"https:\/\/geekevent.fr\/index.php\/wp-json\/wp\/v2\/types\/page"}],"author":[{"embeddable":true,"href":"https:\/\/geekevent.fr\/index.php\/wp-json\/wp\/v2\/users\/2"}],"replies":[{"embeddable":true,"href":"https:\/\/geekevent.fr\/index.php\/wp-json\/wp\/v2\/comments?post=1034"}],"version-history":[{"count":8,"href":"https:\/\/geekevent.fr\/index.php\/wp-json\/wp\/v2\/pages\/1034\/revisions"}],"predecessor-version":[{"id":1043,"href":"https:\/\/geekevent.fr\/index.php\/wp-json\/wp\/v2\/pages\/1034\/revisions\/1043"}],"wp:attachment":[{"href":"https:\/\/geekevent.fr\/index.php\/wp-json\/wp\/v2\/media?parent=1034"}],"curies":[{"name":"wp","href":"https:\/\/api.w.org\/{rel}","templated":true}]}}