{"id":101,"date":"2021-05-18T18:17:36","date_gmt":"2021-05-18T16:17:36","guid":{"rendered":"https:\/\/geekevent.fr\/?page_id=101"},"modified":"2022-04-05T10:13:24","modified_gmt":"2022-04-05T08:13:24","slug":"contact","status":"publish","type":"page","link":"https:\/\/geekevent.fr\/index.php\/contact\/","title":{"rendered":"Contact"},"content":{"rendered":"\t\t<div data-elementor-type=\"wp-page\" data-elementor-id=\"101\" class=\"elementor elementor-101\">\n\t\t\t\t\t\t\t\t\t<section class=\"elementor-section elementor-top-section elementor-element elementor-element-42f1fc8f elementor-section-boxed elementor-section-height-default elementor-section-height-default\" data-id=\"42f1fc8f\" data-element_type=\"section\" data-settings=\"{&quot;_ha_eqh_enable&quot;:false}\">\n\t\t\t\t\t\t<div class=\"elementor-container elementor-column-gap-no\">\n\t\t\t\t\t<div class=\"elementor-column elementor-col-33 elementor-top-column elementor-element elementor-element-1264df05\" data-id=\"1264df05\" data-element_type=\"column\">\n\t\t\t<div class=\"elementor-widget-wrap elementor-element-populated\">\n\t\t\t\t\t\t\t\t<section class=\"elementor-section elementor-inner-section elementor-element elementor-element-a274fdd elementor-section-content-middle elementor-section-boxed elementor-section-height-default elementor-section-height-default\" data-id=\"a274fdd\" data-element_type=\"section\" data-settings=\"{&quot;background_background&quot;:&quot;classic&quot;,&quot;_ha_eqh_enable&quot;:false}\">\n\t\t\t\t\t\t<div class=\"elementor-container elementor-column-gap-default\">\n\t\t\t\t\t<div class=\"elementor-column elementor-col-100 elementor-inner-column elementor-element elementor-element-701aabf\" data-id=\"701aabf\" data-element_type=\"column\">\n\t\t\t<div class=\"elementor-widget-wrap elementor-element-populated\">\n\t\t\t\t\t\t\t\t<div class=\"elementor-element elementor-element-33f164d elementor-widget elementor-widget-heading\" data-id=\"33f164d\" data-element_type=\"widget\" data-widget_type=\"heading.default\">\n\t\t\t\t<div class=\"elementor-widget-container\">\n\t\t\t<h2 class=\"elementor-heading-title elementor-size-default\">Coucou !<\/h2>\t\t<\/div>\n\t\t\t\t<\/div>\n\t\t\t\t<div class=\"elementor-element elementor-element-7842fe06 elementor-widget elementor-widget-text-editor\" data-id=\"7842fe06\" data-element_type=\"widget\" data-widget_type=\"text-editor.default\">\n\t\t\t\t<div class=\"elementor-widget-container\">\n\t\t\t\t\t\t\t<p>Vous avez une question \u00e0 nous poser ? Vous souhaitez demander un devis ? Quelque soit votre motif, nous serions ravis de vous lire gr\u00e2ce \u00e0 ce formulaire de contact !<\/p>\t\t\t\t\t\t<\/div>\n\t\t\t\t<\/div>\n\t\t\t\t\t<\/div>\n\t\t<\/div>\n\t\t\t\t\t\t\t<\/div>\n\t\t<\/section>\n\t\t\t\t\t<\/div>\n\t\t<\/div>\n\t\t\t\t<div class=\"elementor-column elementor-col-66 elementor-top-column elementor-element elementor-element-8aa73b3\" data-id=\"8aa73b3\" data-element_type=\"column\" data-settings=\"{&quot;background_background&quot;:&quot;classic&quot;}\">\n\t\t\t<div class=\"elementor-widget-wrap elementor-element-populated\">\n\t\t\t\t\t\t\t\t<div class=\"elementor-element elementor-element-6efc9c90 elementor-view-default elementor-widget elementor-widget-icon\" data-id=\"6efc9c90\" data-element_type=\"widget\" data-widget_type=\"icon.default\">\n\t\t\t\t<div class=\"elementor-widget-container\">\n\t\t\t\t\t<div class=\"elementor-icon-wrapper\">\n\t\t\t<div class=\"elementor-icon\">\n\t\t\t<i aria-hidden=\"true\" class=\"icon icon-message\"><\/i>\t\t\t<\/div>\n\t\t<\/div>\n\t\t\t\t<\/div>\n\t\t\t\t<\/div>\n\t\t\t\t<div class=\"elementor-element elementor-element-a533b70 elementor-widget elementor-widget-shortcode\" data-id=\"a533b70\" data-element_type=\"widget\" data-widget_type=\"shortcode.default\">\n\t\t\t\t<div class=\"elementor-widget-container\">\n\t\t\t\t\t<div class=\"elementor-shortcode\"><div role=\"form\" class=\"wpcf7\" id=\"wpcf7-f265-o1\" lang=\"fr-FR\" dir=\"ltr\">\n<div class=\"screen-reader-response\"><p role=\"status\" aria-live=\"polite\" aria-atomic=\"true\"><\/p> <ul><\/ul><\/div>\n<form action=\"\/index.php\/wp-json\/wp\/v2\/pages\/101#wpcf7-f265-o1\" method=\"post\" class=\"wpcf7-form init\" novalidate=\"novalidate\" data-status=\"init\">\n<div style=\"display: none;\">\n<input type=\"hidden\" name=\"_wpcf7\" value=\"265\" \/>\n<input type=\"hidden\" name=\"_wpcf7_version\" value=\"5.5.6\" \/>\n<input type=\"hidden\" name=\"_wpcf7_locale\" value=\"fr_FR\" \/>\n<input type=\"hidden\" name=\"_wpcf7_unit_tag\" value=\"wpcf7-f265-o1\" \/>\n<input type=\"hidden\" name=\"_wpcf7_container_post\" value=\"0\" \/>\n<input type=\"hidden\" name=\"_wpcf7_posted_data_hash\" value=\"\" \/>\n<input type=\"hidden\" name=\"_wpcf7cf_hidden_group_fields\" value=\"[]\" \/>\n<input type=\"hidden\" name=\"_wpcf7cf_hidden_groups\" value=\"[]\" \/>\n<input type=\"hidden\" name=\"_wpcf7cf_visible_groups\" value=\"[]\" \/>\n<input type=\"hidden\" name=\"_wpcf7cf_repeaters\" value=\"[]\" \/>\n<input type=\"hidden\" name=\"_wpcf7cf_steps\" value=\"{}\" \/>\n<input type=\"hidden\" name=\"_wpcf7cf_options\" value=\"{&quot;form_id&quot;:265,&quot;conditions&quot;:[{&quot;then_field&quot;:&quot;Typedelademande&quot;,&quot;and_rules&quot;:[{&quot;if_field&quot;:&quot;-1&quot;,&quot;operator&quot;:&quot;equals&quot;,&quot;if_value&quot;:&quot;&quot;}]},{&quot;then_field&quot;:&quot;TypeDelademande_Devis&quot;,&quot;and_rules&quot;:[{&quot;if_field&quot;:&quot;Typedelademande&quot;,&quot;operator&quot;:&quot;equals&quot;,&quot;if_value&quot;:&quot;Demande de devis&quot;}]},{&quot;then_field&quot;:&quot;Typedelademande_Devis_Orga&quot;,&quot;and_rules&quot;:[{&quot;if_field&quot;:&quot;TypeDevis-Base&quot;,&quot;operator&quot;:&quot;equals&quot;,&quot;if_value&quot;:&quot;Organisation \\u00e9v\\u00e8nementielle&quot;}]},{&quot;then_field&quot;:&quot;Typedelademande_Autre&quot;,&quot;and_rules&quot;:[{&quot;if_field&quot;:&quot;Typedelademande&quot;,&quot;operator&quot;:&quot;equals&quot;,&quot;if_value&quot;:&quot;Autre&quot;}]},{&quot;then_field&quot;:&quot;VousEtes&quot;,&quot;and_rules&quot;:[{&quot;if_field&quot;:&quot;-1&quot;,&quot;operator&quot;:&quot;equals&quot;,&quot;if_value&quot;:&quot;&quot;}]},{&quot;then_field&quot;:&quot;VousEtes_AssoEntreprise&quot;,&quot;and_rules&quot;:[{&quot;if_field&quot;:&quot;Vous_etes&quot;,&quot;operator&quot;:&quot;not equals&quot;,&quot;if_value&quot;:&quot;Un particulier&quot;}]},{&quot;then_field&quot;:&quot;Typedelademande_Devis_Conseil&quot;,&quot;and_rules&quot;:[{&quot;if_field&quot;:&quot;TypeDevis-Base&quot;,&quot;operator&quot;:&quot;equals&quot;,&quot;if_value&quot;:&quot;Conseil&quot;}]}],&quot;settings&quot;:{&quot;animation&quot;:&quot;yes&quot;,&quot;animation_intime&quot;:200,&quot;animation_outtime&quot;:200,&quot;conditions_ui&quot;:&quot;normal&quot;,&quot;notice_dismissed&quot;:false,&quot;notice_dismissed_rollback-cf7-5.5.4&quot;:true}}\" \/>\n<\/div>\n<div data-id=\"Typedelademande\" data-orig_data_id=\"Typedelademande\"  data-class=\"wpcf7cf_group\"><label>Quelle est la raison de votre prise de contact ? *<\/label><span class=\"wpcf7-form-control-wrap Typedelademande\"><select name=\"Typedelademande\" class=\"wpcf7-form-control wpcf7-select wpcf7-validates-as-required\" aria-required=\"true\" aria-invalid=\"false\"><option value=\"Demande d&#039;informations\">Demande d&#039;informations<\/option><option value=\"Demande de devis\">Demande de devis<\/option><option value=\"Partenariat\">Partenariat<\/option><option value=\"Presse\">Presse<\/option><option value=\"Demande de stage\">Demande de stage<\/option><option value=\"Autre\">Autre<\/option><\/select><\/span><\/div>\n<div data-id=\"Typedelademande_Autre\" data-orig_data_id=\"Typedelademande_Autre\"  data-class=\"wpcf7cf_group\"><label>Raison \"Autre\"<\/label><span class=\"wpcf7-form-control-wrap Autre_Typedelademande\"><input type=\"text\" name=\"Autre_Typedelademande\" value=\"\" size=\"40\" class=\"wpcf7-form-control wpcf7-text\" aria-invalid=\"false\" \/><\/span><\/div>\n<div data-id=\"TypeDelademande_Devis\" data-orig_data_id=\"TypeDelademande_Devis\"  data-class=\"wpcf7cf_group\"><label>Quel type de devis souhaitez-vous ?<\/label><span class=\"wpcf7-form-control-wrap TypeDevis-Base\"><select name=\"TypeDevis-Base\" class=\"wpcf7-form-control wpcf7-select\" aria-invalid=\"false\"><option value=\"\">---<\/option><option value=\"Organisation \u00e9v\u00e8nementielle\">Organisation \u00e9v\u00e8nementielle<\/option><option value=\"Animation\">Animation<\/option><option value=\"Conseil\">Conseil<\/option><\/select><\/span><\/div>\n<div data-id=\"Typedelademande_Devis_Orga\" data-orig_data_id=\"Typedelademande_Devis_Orga\"  data-class=\"wpcf7cf_group\"><label>Quel type de devis d'organisation \u00e9v\u00e8nementielle souhaitez-vous ?<\/label><span class=\"wpcf7-form-control-wrap TypeDevis_Organisation\"><select name=\"TypeDevis_Organisation\" class=\"wpcf7-form-control wpcf7-select\" aria-invalid=\"false\"><option value=\"\">---<\/option><option value=\"Organisation Cl\u00e9 en main\">Organisation Cl\u00e9 en main<\/option><option value=\"Organisation \u00e0 la carte\">Organisation \u00e0 la carte<\/option><\/select><\/span><\/div>\n<div data-id=\"Typedelademande_Devis_Conseil\" data-orig_data_id=\"Typedelademande_Devis_Conseil\"  data-class=\"wpcf7cf_group\"><label>De quels types de conseils avez-vous besoin ?<\/label><span class=\"wpcf7-form-control-wrap TypeDevis_Conseil\"><select name=\"TypeDevis_Conseil\" class=\"wpcf7-form-control wpcf7-select\" aria-invalid=\"false\"><option value=\"\">---<\/option><option value=\"Conseil pour l&#039;organisation de votre \u00e9v\u00e8nement\">Conseil pour l&#039;organisation de votre \u00e9v\u00e8nement<\/option><option value=\"Conseil pour votre communication \u00e9v\u00e8nementielle\">Conseil pour votre communication \u00e9v\u00e8nementielle<\/option><\/select><\/span><\/div>\n<div data-id=\"VousEtes\" data-orig_data_id=\"VousEtes\"  data-class=\"wpcf7cf_group\"><label>Vous \u00eates... *<\/label><span class=\"wpcf7-form-control-wrap Vous_etes\"><select name=\"Vous_etes\" class=\"wpcf7-form-control wpcf7-select wpcf7-validates-as-required\" aria-required=\"true\" aria-invalid=\"false\"><option value=\"Un particulier\">Un particulier<\/option><option value=\"Une association\">Une association<\/option><option value=\"Une entreprise\">Une entreprise<\/option><option value=\"Autre\">Autre<\/option><\/select><\/span><\/div>\n<div data-id=\"VousEtes_AssoEntreprise\" data-orig_data_id=\"VousEtes_AssoEntreprise\"  data-class=\"wpcf7cf_group\"><label> Le cas \u00e9ch\u00e9ant, votre raison sociale<\/label><span class=\"wpcf7-form-control-wrap raisonsociale\"><input type=\"text\" name=\"raisonsociale\" value=\"\" size=\"40\" class=\"wpcf7-form-control wpcf7-text\" aria-invalid=\"false\" \/><\/span><\/div>\n<p><label> Vos noms et pr\u00e9noms *<br \/>\n\t<span class=\"wpcf7-form-control-wrap your-name\"><input type=\"text\" name=\"your-name\" value=\"\" size=\"40\" class=\"wpcf7-form-control wpcf7-text wpcf7-validates-as-required\" aria-required=\"true\" aria-invalid=\"false\" \/><\/span> <\/label><\/p>\n<p><label> Votre e-mail *<br \/>\n\t<span class=\"wpcf7-form-control-wrap your-email\"><input type=\"email\" name=\"your-email\" value=\"\" size=\"40\" class=\"wpcf7-form-control wpcf7-text wpcf7-email wpcf7-validates-as-required wpcf7-validates-as-email\" aria-required=\"true\" aria-invalid=\"false\" \/><\/span> <\/label><\/p>\n<p><label> Votre num\u00e9ro de t\u00e9l\u00e9phone<br \/>\n\t<span class=\"wpcf7-form-control-wrap telephone\"><input type=\"tel\" name=\"telephone\" value=\"\" size=\"40\" class=\"wpcf7-form-control wpcf7-text wpcf7-tel wpcf7-validates-as-tel\" aria-invalid=\"false\" \/><\/span> <\/label><\/p>\n<p><label> Titre de votre message *<br \/>\n\t<span class=\"wpcf7-form-control-wrap your-subject\"><input type=\"text\" name=\"your-subject\" value=\"\" size=\"40\" class=\"wpcf7-form-control wpcf7-text wpcf7-validates-as-required\" aria-required=\"true\" aria-invalid=\"false\" \/><\/span> <\/label><\/p>\n<p><label> Votre message *<br \/>\n\t<span class=\"wpcf7-form-control-wrap your-message\"><textarea name=\"your-message\" cols=\"40\" rows=\"10\" class=\"wpcf7-form-control wpcf7-textarea wpcf7-validates-as-required\" aria-required=\"true\" aria-invalid=\"false\"><\/textarea><\/span> <\/label><\/p>\n<p><input type=\"submit\" value=\"Envoyer\" class=\"wpcf7-form-control has-spinner wpcf7-submit\" \/><\/p>\n<p style=\"display: none !important;\"><label>&#916;<textarea name=\"_wpcf7_ak_hp_textarea\" cols=\"45\" rows=\"8\" maxlength=\"100\"><\/textarea><\/label><input type=\"hidden\" id=\"ak_js_1\" name=\"_wpcf7_ak_js\" value=\"76\"\/><script>document.getElementById( \"ak_js_1\" ).setAttribute( \"value\", ( new Date() ).getTime() );<\/script><\/p><div class=\"wpcf7-response-output\" aria-hidden=\"true\"><\/div><\/form><\/div><\/div>\n\t\t\t\t<\/div>\n\t\t\t\t<\/div>\n\t\t\t\t\t<\/div>\n\t\t<\/div>\n\t\t\t\t\t\t\t<\/div>\n\t\t<\/section>\n\t\t\t\t\t\t\t<\/div>\n\t\t","protected":false},"excerpt":{"rendered":"<p>Coucou ! Vous avez une question \u00e0 nous poser ? Vous souhaitez demander un devis ? Quelque soit votre motif, nous serions ravis de vous lire gr\u00e2ce \u00e0 ce formulaire de contact !<\/p>\n","protected":false},"author":2,"featured_media":0,"parent":0,"menu_order":0,"comment_status":"closed","ping_status":"closed","template":"elementor_canvas","meta":{"spay_email":"","footnotes":""},"yoast_head":"<!-- This site is optimized with the Yoast SEO plugin v18.8 - https:\/\/yoast.com\/wordpress\/plugins\/seo\/ -->\n<title>Contact &ndash; Geek Event<\/title>\n<meta name=\"robots\" content=\"index, follow, max-snippet:-1, max-image-preview:large, max-video-preview:-1\" \/>\n<link rel=\"canonical\" href=\"https:\/\/geekevent.fr\/index.php\/contact\/\" \/>\n<meta property=\"og:locale\" content=\"fr_FR\" \/>\n<meta property=\"og:type\" content=\"article\" \/>\n<meta property=\"og:title\" content=\"Contact &ndash; Geek Event\" \/>\n<meta property=\"og:description\" content=\"Coucou ! Vous avez une question \u00e0 nous poser ? Vous souhaitez demander un devis ? Quelque soit votre motif, nous serions ravis de vous lire gr\u00e2ce \u00e0 ce formulaire de contact !\" \/>\n<meta property=\"og:url\" content=\"https:\/\/geekevent.fr\/index.php\/contact\/\" \/>\n<meta property=\"og:site_name\" content=\"Geek Event\" \/>\n<meta property=\"article:publisher\" content=\"https:\/\/www.facebook.com\/GeekEvent\/\" \/>\n<meta property=\"article:modified_time\" content=\"2022-04-05T08:13:24+00:00\" \/>\n<meta name=\"twitter:card\" content=\"summary_large_image\" \/>\n<meta name=\"twitter:site\" content=\"@geekevent_fr\" \/>\n<meta name=\"twitter:label1\" content=\"Dur\u00e9e de lecture estim\u00e9e\" \/>\n\t<meta name=\"twitter:data1\" content=\"1 minute\" \/>\n<script type=\"application\/ld+json\" class=\"yoast-schema-graph\">{\"@context\":\"https:\/\/schema.org\",\"@graph\":[{\"@type\":\"Organization\",\"@id\":\"https:\/\/geekevent.fr\/#organization\",\"name\":\"Geek Event\",\"url\":\"https:\/\/geekevent.fr\/\",\"sameAs\":[\"https:\/\/www.facebook.com\/GeekEvent\/\",\"https:\/\/www.instagram.com\/geekevent_fr\",\"https:\/\/www.linkedin.com\/company\/geek-event\",\"https:\/\/twitter.com\/geekevent_fr\"],\"logo\":{\"@type\":\"ImageObject\",\"inLanguage\":\"fr-FR\",\"@id\":\"https:\/\/geekevent.fr\/#\/schema\/logo\/image\/\",\"url\":\"https:\/\/i0.wp.com\/geekevent.fr\/wp-content\/uploads\/2021\/05\/Logo_GeekEvent_Texte.png?fit=1148%2C841&ssl=1\",\"contentUrl\":\"https:\/\/i0.wp.com\/geekevent.fr\/wp-content\/uploads\/2021\/05\/Logo_GeekEvent_Texte.png?fit=1148%2C841&ssl=1\",\"width\":1148,\"height\":841,\"caption\":\"Geek Event\"},\"image\":{\"@id\":\"https:\/\/geekevent.fr\/#\/schema\/logo\/image\/\"}},{\"@type\":\"WebSite\",\"@id\":\"https:\/\/geekevent.fr\/#website\",\"url\":\"https:\/\/geekevent.fr\/\",\"name\":\"Geek Event\",\"description\":\"Des \u00e9v\u00e8nements qui vous ressemblent et qui nous rassemblent !\",\"publisher\":{\"@id\":\"https:\/\/geekevent.fr\/#organization\"},\"potentialAction\":[{\"@type\":\"SearchAction\",\"target\":{\"@type\":\"EntryPoint\",\"urlTemplate\":\"https:\/\/geekevent.fr\/?s={search_term_string}\"},\"query-input\":\"required name=search_term_string\"}],\"inLanguage\":\"fr-FR\"},{\"@type\":\"WebPage\",\"@id\":\"https:\/\/geekevent.fr\/index.php\/contact\/#webpage\",\"url\":\"https:\/\/geekevent.fr\/index.php\/contact\/\",\"name\":\"Contact &ndash; Geek Event\",\"isPartOf\":{\"@id\":\"https:\/\/geekevent.fr\/#website\"},\"datePublished\":\"2021-05-18T16:17:36+00:00\",\"dateModified\":\"2022-04-05T08:13:24+00:00\",\"breadcrumb\":{\"@id\":\"https:\/\/geekevent.fr\/index.php\/contact\/#breadcrumb\"},\"inLanguage\":\"fr-FR\",\"potentialAction\":[{\"@type\":\"ReadAction\",\"target\":[\"https:\/\/geekevent.fr\/index.php\/contact\/\"]}]},{\"@type\":\"BreadcrumbList\",\"@id\":\"https:\/\/geekevent.fr\/index.php\/contact\/#breadcrumb\",\"itemListElement\":[{\"@type\":\"ListItem\",\"position\":1,\"name\":\"Accueil\",\"item\":\"https:\/\/geekevent.fr\/\"},{\"@type\":\"ListItem\",\"position\":2,\"name\":\"Contact\"}]}]}<\/script>\n<!-- \/ Yoast SEO plugin. -->","yoast_head_json":{"title":"Contact &ndash; Geek Event","robots":{"index":"index","follow":"follow","max-snippet":"max-snippet:-1","max-image-preview":"max-image-preview:large","max-video-preview":"max-video-preview:-1"},"canonical":"https:\/\/geekevent.fr\/index.php\/contact\/","og_locale":"fr_FR","og_type":"article","og_title":"Contact &ndash; Geek Event","og_description":"Coucou ! Vous avez une question \u00e0 nous poser ? Vous souhaitez demander un devis ? Quelque soit votre motif, nous serions ravis de vous lire gr\u00e2ce \u00e0 ce formulaire de contact !","og_url":"https:\/\/geekevent.fr\/index.php\/contact\/","og_site_name":"Geek Event","article_publisher":"https:\/\/www.facebook.com\/GeekEvent\/","article_modified_time":"2022-04-05T08:13:24+00:00","twitter_card":"summary_large_image","twitter_site":"@geekevent_fr","twitter_misc":{"Dur\u00e9e de lecture estim\u00e9e":"1 minute"},"schema":{"@context":"https:\/\/schema.org","@graph":[{"@type":"Organization","@id":"https:\/\/geekevent.fr\/#organization","name":"Geek Event","url":"https:\/\/geekevent.fr\/","sameAs":["https:\/\/www.facebook.com\/GeekEvent\/","https:\/\/www.instagram.com\/geekevent_fr","https:\/\/www.linkedin.com\/company\/geek-event","https:\/\/twitter.com\/geekevent_fr"],"logo":{"@type":"ImageObject","inLanguage":"fr-FR","@id":"https:\/\/geekevent.fr\/#\/schema\/logo\/image\/","url":"https:\/\/i0.wp.com\/geekevent.fr\/wp-content\/uploads\/2021\/05\/Logo_GeekEvent_Texte.png?fit=1148%2C841&ssl=1","contentUrl":"https:\/\/i0.wp.com\/geekevent.fr\/wp-content\/uploads\/2021\/05\/Logo_GeekEvent_Texte.png?fit=1148%2C841&ssl=1","width":1148,"height":841,"caption":"Geek Event"},"image":{"@id":"https:\/\/geekevent.fr\/#\/schema\/logo\/image\/"}},{"@type":"WebSite","@id":"https:\/\/geekevent.fr\/#website","url":"https:\/\/geekevent.fr\/","name":"Geek Event","description":"Des \u00e9v\u00e8nements qui vous ressemblent et qui nous rassemblent !","publisher":{"@id":"https:\/\/geekevent.fr\/#organization"},"potentialAction":[{"@type":"SearchAction","target":{"@type":"EntryPoint","urlTemplate":"https:\/\/geekevent.fr\/?s={search_term_string}"},"query-input":"required name=search_term_string"}],"inLanguage":"fr-FR"},{"@type":"WebPage","@id":"https:\/\/geekevent.fr\/index.php\/contact\/#webpage","url":"https:\/\/geekevent.fr\/index.php\/contact\/","name":"Contact &ndash; Geek Event","isPartOf":{"@id":"https:\/\/geekevent.fr\/#website"},"datePublished":"2021-05-18T16:17:36+00:00","dateModified":"2022-04-05T08:13:24+00:00","breadcrumb":{"@id":"https:\/\/geekevent.fr\/index.php\/contact\/#breadcrumb"},"inLanguage":"fr-FR","potentialAction":[{"@type":"ReadAction","target":["https:\/\/geekevent.fr\/index.php\/contact\/"]}]},{"@type":"BreadcrumbList","@id":"https:\/\/geekevent.fr\/index.php\/contact\/#breadcrumb","itemListElement":[{"@type":"ListItem","position":1,"name":"Accueil","item":"https:\/\/geekevent.fr\/"},{"@type":"ListItem","position":2,"name":"Contact"}]}]}},"_links":{"self":[{"href":"https:\/\/geekevent.fr\/index.php\/wp-json\/wp\/v2\/pages\/101"}],"collection":[{"href":"https:\/\/geekevent.fr\/index.php\/wp-json\/wp\/v2\/pages"}],"about":[{"href":"https:\/\/geekevent.fr\/index.php\/wp-json\/wp\/v2\/types\/page"}],"author":[{"embeddable":true,"href":"https:\/\/geekevent.fr\/index.php\/wp-json\/wp\/v2\/users\/2"}],"replies":[{"embeddable":true,"href":"https:\/\/geekevent.fr\/index.php\/wp-json\/wp\/v2\/comments?post=101"}],"version-history":[{"count":34,"href":"https:\/\/geekevent.fr\/index.php\/wp-json\/wp\/v2\/pages\/101\/revisions"}],"predecessor-version":[{"id":1683,"href":"https:\/\/geekevent.fr\/index.php\/wp-json\/wp\/v2\/pages\/101\/revisions\/1683"}],"wp:attachment":[{"href":"https:\/\/geekevent.fr\/index.php\/wp-json\/wp\/v2\/media?parent=101"}],"curies":[{"name":"wp","href":"https:\/\/api.w.org\/{rel}","templated":true}]}}